{"id":43,"date":"2021-01-16T00:21:53","date_gmt":"2021-01-15T22:21:53","guid":{"rendered":"http:\/\/tipspen.com\/?page_id=43"},"modified":"2026-01-10T11:54:35","modified_gmt":"2026-01-10T09:54:35","slug":"fffffffffffff","status":"publish","type":"page","link":"https:\/\/aatrinmid.shop\/","title":{"rendered":"Welcome To My Blog"},"content":{"rendered":"<p style=\"text-align: center;\"><img loading=\"lazy\" decoding=\"async\" class=\"size-full wp-image-234 alignnone\" src=\"https:\/\/aatrinmid.shop\/wp-content\/uploads\/2023\/06\/welcome-to-my-blog.png\" alt=\"\" width=\"992\" height=\"477\" srcset=\"https:\/\/aatrinmid.shop\/wp-content\/uploads\/2023\/06\/welcome-to-my-blog.png 992w, https:\/\/aatrinmid.shop\/wp-content\/uploads\/2023\/06\/welcome-to-my-blog-300x144.png 300w, https:\/\/aatrinmid.shop\/wp-content\/uploads\/2023\/06\/welcome-to-my-blog-768x369.png 768w, https:\/\/aatrinmid.shop\/wp-content\/uploads\/2023\/06\/welcome-to-my-blog-150x72.png 150w, https:\/\/aatrinmid.shop\/wp-content\/uploads\/2023\/06\/welcome-to-my-blog-450x216.png 450w\" sizes=\"auto, (max-width: 992px) 100vw, 992px\" \/><\/p>\n<p style=\"text-align: left;\">Hello, and a warm welcome to my new, improved website!<\/p>\n<p style=\"text-align: left;\">With this post, I&#8217;m excited to share my wealth of ideas, how-tos, and inspirations with you. Before we dive in, I&#8217;d like to take a moment to discuss my motivations behind creating this journal, what you can expect from my future posts, and my overall experience in revamping my website.<\/p>\n<p style=\"text-align: left;\">When I first started my business, many suggested I create a blog. At the time, I didn&#8217;t know much about them and thought it was a waste of time. However, after some research and connecting with a few bloggers, I became fascinated with the idea of starting my own journal. I&#8217;ve since learned about all the benefits that blogging can bring.<\/p>\n<p style=\"text-align: left;\">My blog will primarily focus on sharing knowledge, but you&#8217;ll also get to know the face behind the words. While writing isn&#8217;t my strongest suit, I&#8217;m no novice. I may be a &#8220;perfectionist,&#8221; but I&#8217;m far from perfect. There will be many trials and errors, so please bear with me if there are any grammar or spelling mistakes (disclaimer &#8211; I tend to use lots of dashes and parentheses). I welcome your feedback and would love to hear from you along the way! You inspire me, and I hope to return the favor.<\/p>\n<p style=\"text-align: left;\">I&#8217;m passionate about organizing and can&#8217;t wait to share more of what my journal has to offer. So stay tuned!<\/p>\n<p style=\"text-align: left;\">Disclaimer note:<\/p>\n<p style=\"text-align: left;\">This website is not affiliated with Facebook or Meta, and they don&#8217;t endorse our website.<\/p>\n<p style=\"text-align: left;\">This site is not a part of the Facebook website, Meta or Facebook INC. Additionally, this site is not endorsed by Facebook in any way. Facebook is a trademark by Facebook INC.&#8221;<\/p>\n<p style=\"text-align: left;\">We are committed to maintaining the highest quality products and the utmost integrity in business practices. All products sold on this website are certified by Good Manufacturing Practices (GMP), which is the highest standard of testing in the supplement industry.<\/p>\n<p style=\"text-align: left;\">This product is not intended to diagnose, treat, cure, or prevent any disease. This product is designed to be used in conjunction with a healthy diet and regular exercise. Consult your physician before starting any diet, or exercise program and taking any diet pill to avoid any health issues.<\/p>\n<p style=\"text-align: left;\">\n<p style=\"direction: ltr;\"><a href=\"https:\/\/aatrinmid.shop\/?page_id=3\">Privacy Policy<\/a><\/p>\n<p>&nbsp;<\/p>\n<div style=\"position: absolute; left: -99999px;\">\n<h2>Legalno\u015b\u0107 kasyn stacjonarnych i online w Polsce<\/h2>\n<p>Dla wielu os&oacute;b naturalnym pytaniem jest, <a href=\"https:\/\/nowelegalne.com\/kasyna\/legalne-kasyna\/\">jakie kasyna w polsce s\u0105 legalne<\/a> zar&oacute;wno w \u015bwiecie wirtualnym, jak i w formie tradycyjnych salon&oacute;w gry. Ustawodawca rozr&oacute;\u017cnia te dwa segmenty, przyznaj\u0105c zezwolenia na dzia\u0142alno\u015b\u0107 stacjonarn\u0105 w konkretnych lokalizacjach, a na dzia\u0142alno\u015b\u0107 online w ramach \u015bci\u015ble okre\u015blonych warunk&oacute;w technicznych i podatkowych. Kasyna dzia\u0142aj\u0105ce zgodnie z prawem musz\u0105 raportowa\u0107 obroty, spe\u0142nia\u0107 wymogi dotycz\u0105ce ochrony danych i zapobiega\u0107 udzia\u0142owi os&oacute;b niepe\u0142noletnich. Gracz, kt&oacute;ry ceni sobie bezpiecze\u0144stwo, powinien sprawdza\u0107, czy operator &ndash; niezale\u017cnie od tego, czy prowadzi salon naziemny, czy platform\u0119 internetow\u0105 &ndash; jest wymieniony w oficjalnych rejestrach. To prosty krok, kt&oacute;ry pomaga unikn\u0105\u0107 nieuczciwych podmiot&oacute;w i potencjalnych problem&oacute;w prawnych.<\/p>\n<\/div>\n<div style=\"overflow:hidden;height:1px;\"><a href=\"https:\/\/antic-r.ru\/\">1xbet \u0441\u043a\u0430\u0447\u0430\u0442\u044c<\/a><\/div>\n<div style=\"overflow:hidden;height:1px;\"><a href=\"https:\/\/uz-avto.ru\/tr\/\">1xbet<\/a><\/div>\n<div style=\"overflow:hidden;height:1px;\"><a href=\"https:\/\/starlifeway.com\/\">valor bet online casino<\/a><\/div>\n<div style=\"overflow:hidden;height:1px;\"><a href=\"https:\/\/valorcassino.com\/\">valorbet casino<\/a><\/div>\n<div style=\"overflow:hidden;height:1px;\"><a href=\"https:\/\/vox-casino-logowanie-pl.pl\/\">vox casino pl<\/a><\/div>\n<div style=\"overflow:hidden;height:1px;\"><a href=\"https:\/\/vox-kasyno-pl-polska.pl\/\">casino vox<\/a><\/div>\n<div style=\"overflow:hidden;height:1px;\"><a href=\"https:\/\/mostbets-deutschland.com\/\">MostBet Deutschland<\/a><\/div>\n<div style=\"overflow:hidden;height:1px;\"><a href=\"https:\/\/rainerzobel.de\/\">Magius Casino Online<\/a><\/div>\n<div style=\"overflow:hidden;height:1px;\"><a href=\"https:\/\/boomergirl.com\/\">vox casino<\/a><\/div>\n<div style=\"overflow:hidden;height:1px;\"><a href=\"https:\/\/sog-structure.com\/\">QuickWin casino<\/a><\/div>\n","protected":false},"excerpt":{"rendered":"<p>Hello, and a warm welcome to my new, improved website! With this post, I&#8217;m excited to share my wealth of ideas, how-tos, and inspirations with you. Before we dive in, I&#8217;d like to take a moment to discuss my motivations behind creating this journal, what you can expect from my future posts, and my overall<\/p>\n","protected":false},"author":2,"featured_media":0,"parent":0,"menu_order":0,"comment_status":"closed","ping_status":"closed","template":"","meta":{"footnotes":""},"class_list":["post-43","page","type-page","status-publish"],"_links":{"self":[{"href":"https:\/\/aatrinmid.shop\/index.php?rest_route=\/wp\/v2\/pages\/43","targetHints":{"allow":["GET"]}}],"collection":[{"href":"https:\/\/aatrinmid.shop\/index.php?rest_route=\/wp\/v2\/pages"}],"about":[{"href":"https:\/\/aatrinmid.shop\/index.php?rest_route=\/wp\/v2\/types\/page"}],"author":[{"embeddable":true,"href":"https:\/\/aatrinmid.shop\/index.php?rest_route=\/wp\/v2\/users\/2"}],"replies":[{"embeddable":true,"href":"https:\/\/aatrinmid.shop\/index.php?rest_route=%2Fwp%2Fv2%2Fcomments&post=43"}],"version-history":[{"count":11,"href":"https:\/\/aatrinmid.shop\/index.php?rest_route=\/wp\/v2\/pages\/43\/revisions"}],"predecessor-version":[{"id":33932,"href":"https:\/\/aatrinmid.shop\/index.php?rest_route=\/wp\/v2\/pages\/43\/revisions\/33932"}],"wp:attachment":[{"href":"https:\/\/aatrinmid.shop\/index.php?rest_route=%2Fwp%2Fv2%2Fmedia&parent=43"}],"curies":[{"name":"wp","href":"https:\/\/api.w.org\/{rel}","templated":true}]}}